{"id":3586,"date":"2021-04-04T19:21:57","date_gmt":"2021-04-04T18:21:57","guid":{"rendered":"http:\/\/www.lesagronautes.org\/?page_id=3586"},"modified":"2021-04-11T18:21:26","modified_gmt":"2021-04-11T17:21:26","slug":"les-champs-au-dela-des-frontieres","status":"publish","type":"page","link":"https:\/\/www.lesagronautes.org\/index.php\/les-champs-au-dela-des-frontieres\/","title":{"rendered":"[LES CHAMPS AU-DEL\u00c0 DES FRONTI\u00c8RES !]"},"content":{"rendered":"\t\t<div data-elementor-type=\"wp-page\" data-elementor-id=\"3586\" class=\"elementor elementor-3586\">\n\t\t\t\t\t\t<section class=\"elementor-section elementor-top-section elementor-element elementor-element-84b744b elementor-section-boxed elementor-section-height-default elementor-section-height-default\" data-id=\"84b744b\" data-element_type=\"section\">\n\t\t\t\t\t\t<div class=\"elementor-container elementor-column-gap-default\">\n\t\t\t\t\t<div class=\"elementor-column elementor-col-25 elementor-top-column elementor-element elementor-element-cf4f947\" data-id=\"cf4f947\" data-element_type=\"column\">\n\t\t\t<div class=\"elementor-widget-wrap elementor-element-populated\">\n\t\t\t\t\t\t<div class=\"elementor-element elementor-element-30a4588 elementor-widget elementor-widget-spacer\" data-id=\"30a4588\" data-element_type=\"widget\" data-widget_type=\"spacer.default\">\n\t\t\t\t<div class=\"elementor-widget-container\">\n\t\t\t\t\t<div class=\"elementor-spacer\">\n\t\t\t<div class=\"elementor-spacer-inner\"><\/div>\n\t\t<\/div>\n\t\t\t\t<\/div>\n\t\t\t\t<\/div>\n\t\t\t\t\t<\/div>\n\t\t<\/div>\n\t\t\t\t<div class=\"elementor-column elementor-col-25 elementor-top-column elementor-element elementor-element-e9b1805\" data-id=\"e9b1805\" data-element_type=\"column\">\n\t\t\t<div class=\"elementor-widget-wrap elementor-element-populated\">\n\t\t\t\t\t\t<div class=\"elementor-element elementor-element-21a5e4c elementor-widget elementor-widget-image\" data-id=\"21a5e4c\" data-element_type=\"widget\" data-widget_type=\"image.default\">\n\t\t\t\t<div class=\"elementor-widget-container\">\n\t\t\t\t\t\t\t\t\t\t\t\t\t<img fetchpriority=\"high\" decoding=\"async\" width=\"644\" height=\"590\" src=\"https:\/\/www.lesagronautes.org\/wp-content\/uploads\/2021\/04\/logo-cesure.png\" class=\"attachment-2048x2048 size-2048x2048 wp-image-3615\" alt=\"\" srcset=\"https:\/\/www.lesagronautes.org\/wp-content\/uploads\/2021\/04\/logo-cesure.png 644w, https:\/\/www.lesagronautes.org\/wp-content\/uploads\/2021\/04\/logo-cesure-300x275.png 300w\" sizes=\"100vw\" \/>\t\t\t\t\t\t\t\t\t\t\t\t\t<\/div>\n\t\t\t\t<\/div>\n\t\t\t\t\t<\/div>\n\t\t<\/div>\n\t\t\t\t<div class=\"elementor-column elementor-col-25 elementor-top-column elementor-element elementor-element-e4994dd\" data-id=\"e4994dd\" data-element_type=\"column\">\n\t\t\t<div class=\"elementor-widget-wrap elementor-element-populated\">\n\t\t\t\t\t\t<div class=\"elementor-element elementor-element-a95c1aa elementor-invisible elementor-widget elementor-widget-heading\" data-id=\"a95c1aa\" data-element_type=\"widget\" data-settings=\"{&quot;_animation&quot;:&quot;fadeIn&quot;}\" data-widget_type=\"heading.default\">\n\t\t\t\t<div class=\"elementor-widget-container\">\n\t\t\t<h2 class=\"elementor-heading-title elementor-size-xl\"><br>Les champs au-del\u00e0 des fronti\u00e8res !<br>2021-2022 <\/h2>\t\t<\/div>\n\t\t\t\t<\/div>\n\t\t\t\t\t<\/div>\n\t\t<\/div>\n\t\t\t\t<div class=\"elementor-column elementor-col-25 elementor-top-column elementor-element elementor-element-c8c661e\" data-id=\"c8c661e\" data-element_type=\"column\">\n\t\t\t<div class=\"elementor-widget-wrap elementor-element-populated\">\n\t\t\t\t\t\t<div class=\"elementor-element elementor-element-a1feb25 elementor-widget elementor-widget-spacer\" data-id=\"a1feb25\" data-element_type=\"widget\" data-widget_type=\"spacer.default\">\n\t\t\t\t<div class=\"elementor-widget-container\">\n\t\t\t\t\t<div class=\"elementor-spacer\">\n\t\t\t<div class=\"elementor-spacer-inner\"><\/div>\n\t\t<\/div>\n\t\t\t\t<\/div>\n\t\t\t\t<\/div>\n\t\t\t\t\t<\/div>\n\t\t<\/div>\n\t\t\t\t\t<\/div>\n\t\t<\/section>\n\t\t\t\t<section class=\"elementor-section elementor-top-section elementor-element elementor-element-ac0b1d4 elementor-section-boxed elementor-section-height-default elementor-section-height-default\" data-id=\"ac0b1d4\" data-element_type=\"section\">\n\t\t\t\t\t\t<div class=\"elementor-container elementor-column-gap-default\">\n\t\t\t\t\t<div class=\"elementor-column elementor-col-100 elementor-top-column elementor-element elementor-element-1df9b8a\" data-id=\"1df9b8a\" data-element_type=\"column\">\n\t\t\t<div class=\"elementor-widget-wrap elementor-element-populated\">\n\t\t\t\t\t\t<div class=\"elementor-element elementor-element-fb28fe2 elementor-widget elementor-widget-text-editor\" data-id=\"fb28fe2\" data-element_type=\"widget\" data-widget_type=\"text-editor.default\">\n\t\t\t\t<div class=\"elementor-widget-container\">\n\t\t\t\t\t\t\t<h2 class=\"elementor-heading-title elementor-size-default elementor-inline-editing pen\" style=\"color: var( --e-global-color-primary ); font-weight: var( --e-global-typography-primary-font-weight ); font-family: var( --e-global-typography-primary-font-family ), Sans-serif;\" data-elementor-setting-key=\"title\" data-pen-placeholder=\"\u00c9crivez ici...\">\u00c9tudiantes en agronomie, nous partons sur les routes de France, du Maghreb et de l\u2019Afrique de l\u2019Ouest afin de questionner les liens entre les migrations humaines et les agricultures.<\/h2><h2 data-elementor-setting-key=\"title\" data-pen-placeholder=\"\u00c9crivez ici...\">\u00a0<\/h2><h2 class=\"elementor-heading-title elementor-size-default elementor-inline-editing pen\" style=\"text-align: center;\" data-elementor-setting-key=\"title\" data-pen-placeholder=\"\u00c9crivez ici...\">Notre projet : <br \/>R\u00e9aliser un film documentaire qui aura pour objectif de donner la parole \u00e0 ceux qu&rsquo;on n&rsquo;entend peu : les personnes migrantes, tous les acteurs qui agissent en faveur de leur insertion et des acteurs du monde agricole.<\/h2>\t\t\t\t\t\t<\/div>\n\t\t\t\t<\/div>\n\t\t\t\t\t<\/div>\n\t\t<\/div>\n\t\t\t\t\t<\/div>\n\t\t<\/section>\n\t\t\t\t<section class=\"elementor-section elementor-top-section elementor-element elementor-element-38365df elementor-section-boxed elementor-section-height-default elementor-section-height-default\" data-id=\"38365df\" data-element_type=\"section\">\n\t\t\t\t\t\t<div class=\"elementor-container elementor-column-gap-default\">\n\t\t\t\t\t<div class=\"elementor-column elementor-col-50 elementor-top-column elementor-element elementor-element-f9362bd\" data-id=\"f9362bd\" data-element_type=\"column\">\n\t\t\t<div class=\"elementor-widget-wrap elementor-element-populated\">\n\t\t\t\t\t\t<div class=\"elementor-element elementor-element-3ea80f0 elementor-widget elementor-widget-text-editor\" data-id=\"3ea80f0\" data-element_type=\"widget\" data-widget_type=\"text-editor.default\">\n\t\t\t\t<div class=\"elementor-widget-container\">\n\t\t\t\t\t\t\t<h1><strong>\u00a0<\/strong><\/h1><h1><strong>Les questions auxquelles nous voulons r\u00e9pondre :<\/strong><\/h1><p>Comment les migrations peuvent \u00eatre sources de d\u00e9veloppement agricole dans les territoires d&rsquo;arriv\u00e9e mais aussi de d\u00e9part ? Comment l&rsquo;agriculture peut \u00eatre motrice d&rsquo;insertion ou vectrice de pr\u00e9carit\u00e9 ? Aux Nords et aux Suds, quels sont les leviers d&rsquo;action du monde agricole pour agir en faveur de l&rsquo;accueil ?\u00a0<\/p><h1><strong>Notre parcours pour l&rsquo;ann\u00e9e \u00e0 venir :<\/strong><\/h1><ul><li>Une phase de cinq mois sur <strong>le continent africain<\/strong>. Un bin\u00f4me partira en <strong>Afrique de l\u2019Ouest, <\/strong>en C\u00f4te d\u2019Ivoire. Cette zone a \u00e9t\u00e9 choisie car il s\u2019y trouve d\u2019importants foyers de d\u00e9parts et d\u2019arriv\u00e9es. \u00a0Les pays c\u00f4tiers africains ne sont pas seulement des zones de transit, ils peuvent \u00eatre des zones d\u2019arriv\u00e9e et d\u2019installation. C\u2019est pour cela que le second bin\u00f4me s\u2019int\u00e9ressera au <strong>Maghreb<\/strong>, au Maroc.<\/li><li>Une seconde phase de quatre mois en <strong>France<\/strong>, toutes les quatre, o\u00f9 nous irons \u00e0 la rencontre des initiatives qui \u0153uvrent pour l\u2019accueil, la formation et l\u2019insertion des personnes migrantes via l\u2019agriculture (Emma\u00fcs de la Roya, Fermes d\u2019Avenir, etc.).<\/li><\/ul>\t\t\t\t\t\t<\/div>\n\t\t\t\t<\/div>\n\t\t\t\t\t<\/div>\n\t\t<\/div>\n\t\t\t\t<div class=\"elementor-column elementor-col-50 elementor-top-column elementor-element elementor-element-8ec1789\" data-id=\"8ec1789\" data-element_type=\"column\">\n\t\t\t<div class=\"elementor-widget-wrap elementor-element-populated\">\n\t\t\t\t\t\t<div class=\"elementor-element elementor-element-7ee0660 elementor-widget__width-inherit elementor-widget elementor-widget-image\" data-id=\"7ee0660\" data-element_type=\"widget\" data-widget_type=\"image.default\">\n\t\t\t\t<div class=\"elementor-widget-container\">\n\t\t\t\t\t\t\t\t\t\t\t\t\t<img decoding=\"async\" width=\"818\" height=\"1122\" src=\"https:\/\/www.lesagronautes.org\/wp-content\/uploads\/2021\/04\/171758182_199432678389424_8810638971384437556_n.png\" class=\"attachment-full size-full wp-image-3663\" alt=\"\" srcset=\"https:\/\/www.lesagronautes.org\/wp-content\/uploads\/2021\/04\/171758182_199432678389424_8810638971384437556_n.png 818w, https:\/\/www.lesagronautes.org\/wp-content\/uploads\/2021\/04\/171758182_199432678389424_8810638971384437556_n-219x300.png 219w, https:\/\/www.lesagronautes.org\/wp-content\/uploads\/2021\/04\/171758182_199432678389424_8810638971384437556_n-747x1024.png 747w\" sizes=\"100vw\" \/>\t\t\t\t\t\t\t\t\t\t\t\t\t<\/div>\n\t\t\t\t<\/div>\n\t\t\t\t\t<\/div>\n\t\t<\/div>\n\t\t\t\t\t<\/div>\n\t\t<\/section>\n\t\t\t\t<section class=\"elementor-section elementor-top-section elementor-element elementor-element-9425a1a elementor-section-boxed elementor-section-height-default elementor-section-height-default\" data-id=\"9425a1a\" data-element_type=\"section\">\n\t\t\t\t\t\t<div class=\"elementor-container elementor-column-gap-default\">\n\t\t\t\t\t<div class=\"elementor-column elementor-col-100 elementor-top-column elementor-element elementor-element-dd8e0d7\" data-id=\"dd8e0d7\" data-element_type=\"column\">\n\t\t\t<div class=\"elementor-widget-wrap elementor-element-populated\">\n\t\t\t\t\t\t<div class=\"elementor-element elementor-element-3e3e341 elementor-widget elementor-widget-text-editor\" data-id=\"3e3e341\" data-element_type=\"widget\" data-widget_type=\"text-editor.default\">\n\t\t\t\t<div class=\"elementor-widget-container\">\n\t\t\t\t\t\t\t<h1>\u00a0<\/h1><h1><b>Qui sommes-nous ?<\/b><\/h1>\t\t\t\t\t\t<\/div>\n\t\t\t\t<\/div>\n\t\t\t\t\t<\/div>\n\t\t<\/div>\n\t\t\t\t\t<\/div>\n\t\t<\/section>\n\t\t\t\t<section class=\"elementor-section elementor-top-section elementor-element elementor-element-25308bd elementor-section-boxed elementor-section-height-default elementor-section-height-default\" data-id=\"25308bd\" data-element_type=\"section\">\n\t\t\t\t\t\t<div class=\"elementor-container elementor-column-gap-default\">\n\t\t\t\t\t<div class=\"elementor-column elementor-col-100 elementor-top-column elementor-element elementor-element-49e890a\" data-id=\"49e890a\" data-element_type=\"column\">\n\t\t\t<div class=\"elementor-widget-wrap elementor-element-populated\">\n\t\t\t\t\t\t<div class=\"elementor-element elementor-element-dfc2be3 elementor-widget elementor-widget-image\" data-id=\"dfc2be3\" data-element_type=\"widget\" data-widget_type=\"image.default\">\n\t\t\t\t<div class=\"elementor-widget-container\">\n\t\t\t\t\t\t\t\t\t\t\t\t\t<img decoding=\"async\" width=\"1132\" height=\"457\" src=\"https:\/\/www.lesagronautes.org\/wp-content\/uploads\/2021\/04\/equipe-sans-blanc.jpg\" class=\"attachment-1536x1536 size-1536x1536 wp-image-3673\" alt=\"\" srcset=\"https:\/\/www.lesagronautes.org\/wp-content\/uploads\/2021\/04\/equipe-sans-blanc.jpg 1132w, https:\/\/www.lesagronautes.org\/wp-content\/uploads\/2021\/04\/equipe-sans-blanc-300x121.jpg 300w, https:\/\/www.lesagronautes.org\/wp-content\/uploads\/2021\/04\/equipe-sans-blanc-1024x413.jpg 1024w\" sizes=\"100vw\" \/>\t\t\t\t\t\t\t\t\t\t\t\t\t<\/div>\n\t\t\t\t<\/div>\n\t\t\t\t\t<\/div>\n\t\t<\/div>\n\t\t\t\t\t<\/div>\n\t\t<\/section>\n\t\t\t\t<section class=\"elementor-section elementor-top-section elementor-element elementor-element-f661062 elementor-section-boxed elementor-section-height-default elementor-section-height-default\" data-id=\"f661062\" data-element_type=\"section\">\n\t\t\t\t\t\t<div class=\"elementor-container elementor-column-gap-default\">\n\t\t\t\t\t<div class=\"elementor-column elementor-col-100 elementor-top-column elementor-element elementor-element-aee9646\" data-id=\"aee9646\" data-element_type=\"column\">\n\t\t\t<div class=\"elementor-widget-wrap elementor-element-populated\">\n\t\t\t\t\t\t<div class=\"elementor-element elementor-element-e049477 elementor-widget elementor-widget-text-editor\" data-id=\"e049477\" data-element_type=\"widget\" data-widget_type=\"text-editor.default\">\n\t\t\t\t<div class=\"elementor-widget-container\">\n\t\t\t\t\t\t\t<p>Nous sommes quatre \u00e9tudiantes en deuxi\u00e8me ann\u00e9e du cursus SAADS (Syst\u00e8mes Agricoles et Agroalimentaires Durables aux Suds) \u00e0 L&rsquo;Institut Agro &#8211; Montpellier SupAgro. Toutes 4 investies dans divers milieux associatifs, nous avons \u00e9t\u00e9 amen\u00e9es \u00e0 rencontrer les questions d'(in)accueil et de (non-)int\u00e9gration des personnes migrantes sur nos territoires et dans nos soci\u00e9t\u00e9s.<\/p><p>Notre indignation et notre sentiment d&rsquo;impuissance ont initi\u00e9 ce projet, afin de comprendre et d&rsquo;agir.<\/p><p>En tant qu&rsquo;\u00e9tudiantes en agronomie, nous proposons de porter un nouveau regard sur les enjeux des migrations, en croisant le travail de diagnostic agricole avec le prisme de la sociologie-anthropologie.<\/p>\t\t\t\t\t\t<\/div>\n\t\t\t\t<\/div>\n\t\t\t\t\t<\/div>\n\t\t<\/div>\n\t\t\t\t\t<\/div>\n\t\t<\/section>\n\t\t\t\t<section class=\"elementor-section elementor-top-section elementor-element elementor-element-22053b7 elementor-section-boxed elementor-section-height-default elementor-section-height-default\" data-id=\"22053b7\" data-element_type=\"section\">\n\t\t\t\t\t\t<div class=\"elementor-container elementor-column-gap-default\">\n\t\t\t\t\t\t<\/div>\n\t\t<\/section>\n\t\t\t\t<section class=\"elementor-section elementor-top-section elementor-element elementor-element-f0614cb elementor-section-boxed elementor-section-height-default elementor-section-height-default\" data-id=\"f0614cb\" data-element_type=\"section\">\n\t\t\t\t\t\t<div class=\"elementor-container elementor-column-gap-default\">\n\t\t\t\t\t<div class=\"elementor-column elementor-col-50 elementor-top-column elementor-element elementor-element-c7e5652\" data-id=\"c7e5652\" data-element_type=\"column\">\n\t\t\t<div class=\"elementor-widget-wrap elementor-element-populated\">\n\t\t\t\t\t\t<div class=\"elementor-element elementor-element-2844127 elementor-widget elementor-widget-image\" data-id=\"2844127\" data-element_type=\"widget\" data-widget_type=\"image.default\">\n\t\t\t\t<div class=\"elementor-widget-container\">\n\t\t\t\t\t\t\t\t\t\t\t\t\t<img loading=\"lazy\" decoding=\"async\" width=\"391\" height=\"558\" src=\"https:\/\/www.lesagronautes.org\/wp-content\/uploads\/2021\/04\/couv-photo.jpg\" class=\"attachment-full size-full wp-image-3594\" alt=\"\" srcset=\"https:\/\/www.lesagronautes.org\/wp-content\/uploads\/2021\/04\/couv-photo.jpg 391w, https:\/\/www.lesagronautes.org\/wp-content\/uploads\/2021\/04\/couv-photo-210x300.jpg 210w\" sizes=\"100vw\" \/>\t\t\t\t\t\t\t\t\t\t\t\t\t<\/div>\n\t\t\t\t<\/div>\n\t\t\t\t\t<\/div>\n\t\t<\/div>\n\t\t\t\t<div class=\"elementor-column elementor-col-50 elementor-top-column elementor-element elementor-element-2595e13\" data-id=\"2595e13\" data-element_type=\"column\">\n\t\t\t<div class=\"elementor-widget-wrap elementor-element-populated\">\n\t\t\t\t\t\t<div class=\"elementor-element elementor-element-51081fe elementor-widget elementor-widget-text-editor\" data-id=\"51081fe\" data-element_type=\"widget\" data-widget_type=\"text-editor.default\">\n\t\t\t\t<div class=\"elementor-widget-container\">\n\t\t\t\t\t\t\t<p><span style=\"font-weight: 400;\">Actuellement \u00e0 la recherche de financements et de contacts, nous sommes preneuses de tous vos bons conseils !\u00a0<\/span><span style=\"font-weight: 400;\">Vous pouvez nous \u00e9crire \u00e0 l\u2019adresse suivante : <\/span><\/p><p><strong><a href=\"mailto:projet-migrations-agricultures@outlook.com\">projet-migrations-agricultures@hotmail.com<\/a><\/strong><\/p><p>Pour suivre et soutenir le projet :\u00a0<strong>\u00a0<\/strong><\/p>\t\t\t\t\t\t<\/div>\n\t\t\t\t<\/div>\n\t\t\t\t<div class=\"elementor-element elementor-element-ae638bf elementor-widget elementor-widget-button\" data-id=\"ae638bf\" data-element_type=\"widget\" data-widget_type=\"button.default\">\n\t\t\t\t<div class=\"elementor-widget-container\">\n\t\t\t\t\t<div class=\"elementor-button-wrapper\">\n\t\t\t<a class=\"elementor-button elementor-button-link elementor-size-lg\" href=\"https:\/\/www.helloasso.com\/associations\/ingenieur-sans-frontieres-montpellier\/collectes\/les-champs-au-dela-des-frontieres\">\n\t\t\t\t\t\t<span class=\"elementor-button-content-wrapper\">\n\t\t\t\t\t\t<span class=\"elementor-button-icon elementor-align-icon-left\">\n\t\t\t\t<i aria-hidden=\"true\" class=\"far fa-money-bill-alt\"><\/i>\t\t\t<\/span>\n\t\t\t\t\t\t<span class=\"elementor-button-text\"> Pour nous soutenir financi\u00e8rement, cliquez ici !<\/span>\n\t\t<\/span>\n\t\t\t\t\t<\/a>\n\t\t<\/div>\n\t\t\t\t<\/div>\n\t\t\t\t<\/div>\n\t\t\t\t<div class=\"elementor-element elementor-element-2416a1c elementor-widget elementor-widget-button\" data-id=\"2416a1c\" data-element_type=\"widget\" data-widget_type=\"button.default\">\n\t\t\t\t<div class=\"elementor-widget-container\">\n\t\t\t\t\t<div class=\"elementor-button-wrapper\">\n\t\t\t<a class=\"elementor-button elementor-button-link elementor-size-lg\" href=\"https:\/\/www.facebook.com\/Les-champs-au-del%C3%A0-des-fronti%C3%A8res-103020421897352\">\n\t\t\t\t\t\t<span class=\"elementor-button-content-wrapper\">\n\t\t\t\t\t\t<span class=\"elementor-button-icon elementor-align-icon-left\">\n\t\t\t\t<i aria-hidden=\"true\" class=\"fab fa-facebook\"><\/i>\t\t\t<\/span>\n\t\t\t\t\t\t<span class=\"elementor-button-text\">Pour nous suivre sur facebook, cliquez ici !<\/span>\n\t\t<\/span>\n\t\t\t\t\t<\/a>\n\t\t<\/div>\n\t\t\t\t<\/div>\n\t\t\t\t<\/div>\n\t\t\t\t<div class=\"elementor-element elementor-element-9872341 elementor-widget elementor-widget-button\" data-id=\"9872341\" data-element_type=\"widget\" data-widget_type=\"button.default\">\n\t\t\t\t<div class=\"elementor-widget-container\">\n\t\t\t\t\t<div class=\"elementor-button-wrapper\">\n\t\t\t<a class=\"elementor-button elementor-button-link elementor-size-lg\" href=\"https:\/\/www.instagram.com\/les_champs_odla_des_frontieres\/?hl=fr\">\n\t\t\t\t\t\t<span class=\"elementor-button-content-wrapper\">\n\t\t\t\t\t\t<span class=\"elementor-button-icon elementor-align-icon-left\">\n\t\t\t\t<i aria-hidden=\"true\" class=\"fab fa-instagram\"><\/i>\t\t\t<\/span>\n\t\t\t\t\t\t<span class=\"elementor-button-text\">Pour nous suivre sur Instagram, cliquez ici !<\/span>\n\t\t<\/span>\n\t\t\t\t\t<\/a>\n\t\t<\/div>\n\t\t\t\t<\/div>\n\t\t\t\t<\/div>\n\t\t\t\t\t<\/div>\n\t\t<\/div>\n\t\t\t\t\t<\/div>\n\t\t<\/section>\n\t\t\t\t<section class=\"elementor-section elementor-top-section elementor-element elementor-element-046eba1 elementor-section-boxed elementor-section-height-default elementor-section-height-default\" data-id=\"046eba1\" data-element_type=\"section\">\n\t\t\t\t\t\t<div class=\"elementor-container elementor-column-gap-default\">\n\t\t\t\t\t<div class=\"elementor-column elementor-col-100 elementor-top-column elementor-element elementor-element-509fdde\" data-id=\"509fdde\" data-element_type=\"column\">\n\t\t\t<div class=\"elementor-widget-wrap elementor-element-populated\">\n\t\t\t\t\t\t<div class=\"elementor-element elementor-element-65636e6 elementor-widget elementor-widget-spacer\" data-id=\"65636e6\" data-element_type=\"widget\" data-widget_type=\"spacer.default\">\n\t\t\t\t<div class=\"elementor-widget-container\">\n\t\t\t\t\t<div class=\"elementor-spacer\">\n\t\t\t<div class=\"elementor-spacer-inner\"><\/div>\n\t\t<\/div>\n\t\t\t\t<\/div>\n\t\t\t\t<\/div>\n\t\t\t\t\t<\/div>\n\t\t<\/div>\n\t\t\t\t\t<\/div>\n\t\t<\/section>\n\t\t\t\t<section class=\"elementor-section elementor-top-section elementor-element elementor-element-f9f628f elementor-section-boxed elementor-section-height-default elementor-section-height-default\" data-id=\"f9f628f\" data-element_type=\"section\">\n\t\t\t\t\t\t<div class=\"elementor-container elementor-column-gap-default\">\n\t\t\t\t\t<div class=\"elementor-column elementor-col-33 elementor-top-column elementor-element elementor-element-ab95a83\" data-id=\"ab95a83\" data-element_type=\"column\">\n\t\t\t<div class=\"elementor-widget-wrap elementor-element-populated\">\n\t\t\t\t\t\t<div class=\"elementor-element elementor-element-881933c elementor-widget elementor-widget-text-editor\" data-id=\"881933c\" data-element_type=\"widget\" data-widget_type=\"text-editor.default\">\n\t\t\t\t<div class=\"elementor-widget-container\">\n\t\t\t\t\t\t\t<p>\u00a0<\/p><p>Pour voir notre premi\u00e8re vid\u00e9o de pr\u00e9sentation :\u00a0<\/p>\t\t\t\t\t\t<\/div>\n\t\t\t\t<\/div>\n\t\t\t\t\t<\/div>\n\t\t<\/div>\n\t\t\t\t<div class=\"elementor-column elementor-col-33 elementor-top-column elementor-element elementor-element-6f75b97\" data-id=\"6f75b97\" data-element_type=\"column\">\n\t\t\t<div class=\"elementor-widget-wrap elementor-element-populated\">\n\t\t\t\t\t\t<div class=\"elementor-element elementor-element-82feb0f elementor-widget elementor-widget-video\" data-id=\"82feb0f\" data-element_type=\"widget\" data-settings=\"{&quot;youtube_url&quot;:&quot;https:\\\/\\\/www.youtube.com\\\/watch?v=8ERkqhVVUgA&quot;,&quot;video_type&quot;:&quot;youtube&quot;,&quot;controls&quot;:&quot;yes&quot;}\" data-widget_type=\"video.default\">\n\t\t\t\t<div class=\"elementor-widget-container\">\n\t\t\t\t\t<div class=\"elementor-wrapper elementor-open-inline\">\n\t\t\t<div class=\"elementor-video\"><\/div>\t\t<\/div>\n\t\t\t\t<\/div>\n\t\t\t\t<\/div>\n\t\t\t\t\t<\/div>\n\t\t<\/div>\n\t\t\t\t<div class=\"elementor-column elementor-col-33 elementor-top-column elementor-element elementor-element-cb38350\" data-id=\"cb38350\" data-element_type=\"column\">\n\t\t\t<div class=\"elementor-widget-wrap\">\n\t\t\t\t\t\t\t<\/div>\n\t\t<\/div>\n\t\t\t\t\t<\/div>\n\t\t<\/section>\n\t\t\t\t<section class=\"elementor-section elementor-top-section elementor-element elementor-element-c058824 elementor-section-boxed elementor-section-height-default elementor-section-height-default\" data-id=\"c058824\" data-element_type=\"section\">\n\t\t\t\t\t\t<div class=\"elementor-container elementor-column-gap-default\">\n\t\t\t\t\t<div class=\"elementor-column elementor-col-100 elementor-top-column elementor-element elementor-element-68f0e7a\" data-id=\"68f0e7a\" data-element_type=\"column\">\n\t\t\t<div class=\"elementor-widget-wrap elementor-element-populated\">\n\t\t\t\t\t\t<div class=\"elementor-element elementor-element-8627c3b elementor-widget elementor-widget-text-editor\" data-id=\"8627c3b\" data-element_type=\"widget\" data-widget_type=\"text-editor.default\">\n\t\t\t\t<div class=\"elementor-widget-container\">\n\t\t\t\t\t\t\t<p>\u00a0<\/p><p><strong>A bient\u00f4t dans les champs !<\/strong><\/p><p><strong>Gabrielle, Lucie, Christine et Colombine<\/strong><\/p>\t\t\t\t\t\t<\/div>\n\t\t\t\t<\/div>\n\t\t\t\t\t<\/div>\n\t\t<\/div>\n\t\t\t\t\t<\/div>\n\t\t<\/section>\n\t\t\t\t<\/div>\n\t\t","protected":false},"excerpt":{"rendered":"<p>Les champs au-del\u00e0 des fronti\u00e8res !2021-2022 \u00c9tudiantes en agronomie, nous partons sur les routes de France, du Maghreb et de l\u2019Afrique de l\u2019Ouest afin de questionner les liens entre les migrations humaines et les agricultures. \u00a0 Notre projet : R\u00e9aliser un film documentaire qui aura pour objectif de donner la parole \u00e0 ceux qu&rsquo;on n&rsquo;entend &hellip; <\/p>\n<p class=\"link-more\"><a href=\"https:\/\/www.lesagronautes.org\/index.php\/les-champs-au-dela-des-frontieres\/\" class=\"more-link\">Continuer la lecture<span class=\"screen-reader-text\"> de &laquo;&nbsp;[LES CHAMPS AU-DEL\u00c0 DES FRONTI\u00c8RES !]&nbsp;&raquo;<\/span><\/a><\/p>\n","protected":false},"author":26,"featured_media":0,"parent":0,"menu_order":0,"comment_status":"closed","ping_status":"closed","template":"","meta":{"footnotes":""},"_links":{"self":[{"href":"https:\/\/www.lesagronautes.org\/index.php\/wp-json\/wp\/v2\/pages\/3586"}],"collection":[{"href":"https:\/\/www.lesagronautes.org\/index.php\/wp-json\/wp\/v2\/pages"}],"about":[{"href":"https:\/\/www.lesagronautes.org\/index.php\/wp-json\/wp\/v2\/types\/page"}],"author":[{"embeddable":true,"href":"https:\/\/www.lesagronautes.org\/index.php\/wp-json\/wp\/v2\/users\/26"}],"replies":[{"embeddable":true,"href":"https:\/\/www.lesagronautes.org\/index.php\/wp-json\/wp\/v2\/comments?post=3586"}],"version-history":[{"count":55,"href":"https:\/\/www.lesagronautes.org\/index.php\/wp-json\/wp\/v2\/pages\/3586\/revisions"}],"predecessor-version":[{"id":3705,"href":"https:\/\/www.lesagronautes.org\/index.php\/wp-json\/wp\/v2\/pages\/3586\/revisions\/3705"}],"wp:attachment":[{"href":"https:\/\/www.lesagronautes.org\/index.php\/wp-json\/wp\/v2\/media?parent=3586"}],"curies":[{"name":"wp","href":"https:\/\/api.w.org\/{rel}","templated":true}]}}